{"id":22,"date":"2019-03-10T13:19:07","date_gmt":"2019-03-10T13:19:07","guid":{"rendered":"http:\/\/192.168.1.25\/?page_id=2"},"modified":"2025-06-15T07:51:26","modified_gmt":"2025-06-15T07:51:26","slug":"sample-page-2","status":"publish","type":"page","link":"https:\/\/fundacjaosiecznica.eu\/","title":{"rendered":"Ludzie Pomagaj\u0105 Ludziom"},"content":{"rendered":"\t\t<div data-elementor-type=\"wp-post\" data-elementor-id=\"22\" class=\"elementor elementor-22\">\n\t\t\t\t\t\t<section class=\"elementor-section elementor-top-section elementor-element elementor-element-14305580 elementor-section-boxed elementor-section-height-default elementor-section-height-default\" data-id=\"14305580\" data-element_type=\"section\" data-e-type=\"section\" data-settings=\"{&quot;background_background&quot;:&quot;none&quot;}\">\n\t\t\t\t\t\t<div class=\"elementor-container elementor-column-gap-default\">\n\t\t\t\t\t<div class=\"elementor-column elementor-col-100 elementor-top-column elementor-element elementor-element-1c8b9c60\" data-id=\"1c8b9c60\" data-element_type=\"column\" data-e-type=\"column\">\n\t\t\t<div class=\"elementor-widget-wrap elementor-element-populated\">\n\t\t\t\t\t\t<div class=\"elementor-element elementor-element-255715f6 elementor-widget elementor-widget-testimonial\" data-id=\"255715f6\" data-element_type=\"widget\" data-e-type=\"widget\" data-widget_type=\"testimonial.default\">\n\t\t\t\t\t\t\t<div class=\"elementor-testimonial-wrapper\">\n\t\t\t\t\t\t\t<div class=\"elementor-testimonial-content\">\"Pami\u0119taj \u017ce wszystko , co uczynisz w \u017cyciu zostawi jaki\u015b \u015blad, dlatego miej \u015bwiadomo\u015b\u0107 tego, co robisz\", wiec staraj si\u0119 robi\u0107 to dobrze z empati\u0105 i korzy\u015bci\u0105 dla wszystkich a nie tylko dla siebie.<\/div>\n\t\t\t\n\t\t\t\t\t<\/div>\n\t\t\t\t\t\t<\/div>\n\t\t\t\t\t<\/div>\n\t\t<\/div>\n\t\t\t\t\t<\/div>\n\t\t<\/section>\n\t\t\t\t<section class=\"elementor-section elementor-top-section elementor-element elementor-element-fd5bf2f elementor-section-full_width elementor-section-height-default elementor-section-height-default\" data-id=\"fd5bf2f\" data-element_type=\"section\" data-e-type=\"section\">\n\t\t\t\t\t\t<div class=\"elementor-container elementor-column-gap-default\">\n\t\t\t\t\t<div class=\"elementor-column elementor-col-100 elementor-top-column elementor-element elementor-element-18b9248\" data-id=\"18b9248\" data-element_type=\"column\" data-e-type=\"column\">\n\t\t\t<div class=\"elementor-widget-wrap elementor-element-populated\">\n\t\t\t\t\t\t<div class=\"elementor-element elementor-element-d3e043b elementor-widget elementor-widget-text-editor\" data-id=\"d3e043b\" data-element_type=\"widget\" data-e-type=\"widget\" data-widget_type=\"text-editor.default\">\n\t\t\t\t\t\t\t\t\t<p><span style=\"color: #000000;\">Fundacja \u201cLudzie Pomagaj\u0105 Ludziom\u201d powsta\u0142a w lutym 2019 roku aby s\u0142u\u017cy\u0107 wszystkim kt\u00f3rym nieoboj\u0119tny jest los ludzi, przyrody i \u015brodowiska w kt\u00f3rym przysz\u0142o nam \u017cy\u0107. Post\u0119puj\u0105ce ocieplenie klimatu, degradacja \u015brodowiska czyniona naszymi r\u0119koma, staje si\u0119 dla nas samych niebezpieczna.&nbsp;<\/span><\/p>\n<p><span style=\"color: #000000;\">Coraz wi\u0119cej ludzi zaczyna zdawa\u0107 sobie z tego spraw\u0119. Im szybciej zwi\u0119kszymy nasz\u0105 \u015bwiadomo\u015b\u0107 i przekonamy nieprzekonanych do wsp\u00f3lnych dzia\u0142a\u0144 dla naszego wsp\u00f3lnego dobra i nast\u0119pnych pokole\u0144, tym szybciej powstrzymamy degradacj\u0119 naszego \u015brodowiska w kt\u00f3rym \u017cyjemy.&nbsp;<\/span><\/p>\n<p><span style=\"color: #000000;\">Fundacja ma nadzieje \u017ce zmobilizuje do dzia\u0142ania jak najwi\u0119cej os\u00f3b kt\u00f3rym nieoboj\u0119tne jest los ludzi, przyrody, zwierz\u0105t czy \u015brodowiska w kt\u00f3rym \u017cyjemy dla naszego wsp\u00f3lnego dobra, przecie\u017c tak wiele zale\u017cy od nas, wystarczy tylko odrobina dobrej woli i empatii.<\/span><\/p>\t\t\t\t\t\t\t\t<\/div>\n\t\t\t\t\t<\/div>\n\t\t<\/div>\n\t\t\t\t\t<\/div>\n\t\t<\/section>\n\t\t<div class=\"elementor-element elementor-element-b109f79 e-flex e-con-boxed e-con e-parent\" data-id=\"b109f79\" data-element_type=\"container\" data-e-type=\"container\">\n\t\t\t\t\t<div class=\"e-con-inner\">\n\t\t\t\t<div class=\"elementor-element elementor-element-9a06a34 elementor-widget elementor-widget-image\" data-id=\"9a06a34\" data-element_type=\"widget\" data-e-type=\"widget\" data-widget_type=\"image.default\">\n\t\t\t\t\t\t\t\t\t\t\t\t\t\t\t<img fetchpriority=\"high\" decoding=\"async\" width=\"580\" height=\"870\" src=\"https:\/\/fundacjaosiecznica.eu\/wp-content\/uploads\/2025\/06\/motto-768x1152.jpg\" class=\"attachment-medium_large size-medium_large wp-image-1289\" alt=\"\" srcset=\"https:\/\/fundacjaosiecznica.eu\/wp-content\/uploads\/2025\/06\/motto-768x1152.jpg 768w, https:\/\/fundacjaosiecznica.eu\/wp-content\/uploads\/2025\/06\/motto-200x300.jpg 200w, https:\/\/fundacjaosiecznica.eu\/wp-content\/uploads\/2025\/06\/motto-683x1024.jpg 683w, https:\/\/fundacjaosiecznica.eu\/wp-content\/uploads\/2025\/06\/motto.jpg 1024w\" sizes=\"(max-width: 580px) 100vw, 580px\" \/>\t\t\t\t\t\t\t\t\t\t\t\t\t\t\t<\/div>\n\t\t\t\t\t<\/div>\n\t\t\t\t<\/div>\n\t\t\t\t<\/div>\n\t\t ","protected":false},"excerpt":{"rendered":"<p>\t\t\t\t<![CDATA[]]>\t\t<\/p>\n","protected":false},"author":2,"featured_media":0,"parent":0,"menu_order":0,"comment_status":"closed","ping_status":"open","template":"elementor_theme","meta":{"footnotes":""},"class_list":["post-22","page","type-page","status-publish","hentry"],"_links":{"self":[{"href":"https:\/\/fundacjaosiecznica.eu\/index.php?rest_route=\/wp\/v2\/pages\/22","targetHints":{"allow":["GET"]}}],"collection":[{"href":"https:\/\/fundacjaosiecznica.eu\/index.php?rest_route=\/wp\/v2\/pages"}],"about":[{"href":"https:\/\/fundacjaosiecznica.eu\/index.php?rest_route=\/wp\/v2\/types\/page"}],"author":[{"embeddable":true,"href":"https:\/\/fundacjaosiecznica.eu\/index.php?rest_route=\/wp\/v2\/users\/2"}],"replies":[{"embeddable":true,"href":"https:\/\/fundacjaosiecznica.eu\/index.php?rest_route=%2Fwp%2Fv2%2Fcomments&post=22"}],"version-history":[{"count":99,"href":"https:\/\/fundacjaosiecznica.eu\/index.php?rest_route=\/wp\/v2\/pages\/22\/revisions"}],"predecessor-version":[{"id":1294,"href":"https:\/\/fundacjaosiecznica.eu\/index.php?rest_route=\/wp\/v2\/pages\/22\/revisions\/1294"}],"wp:attachment":[{"href":"https:\/\/fundacjaosiecznica.eu\/index.php?rest_route=%2Fwp%2Fv2%2Fmedia&parent=22"}],"curies":[{"name":"wp","href":"https:\/\/api.w.org\/{rel}","templated":true}]}}